Convert -3ae8 (base 16) to base 6.
-153452
What is 5692 (base 10) in base 2?
1011000111100
What is -13745 (base 8) in base 9?
-8346
What is 12d6 (base 14) in base 16?
cfc
1211 (base 6) to base 8
447
What is -2121 (base 6) in base 8?
-741
Convert -1321201 (base 4) to base 6.
-100001
What is 100001011 (base 2) in base 10?
267
-1982 (base 13) to base 14
-1572
-2517 (base 11) to base 4
-303111
-7594 (base 10) to base 3
-101102021
What is 354 (base 13) in base 6?
2400
What is -13003 (base 4) in base 10?
-451
Convert 2311 (base 4) to base 2.
10110101
3034 (base 6) to base 3
220211
Convert -111121202 (base 3) to base 8.
-23311
Convert 1000312 (base 4) to base 12.
249a
Convert 804 (base 10) to base 4.
30210
1101 (base 3) to base 7
52
What is 1b461 (base 13) in base 14?
156c3
1462 (base 10) to base 9
2004
What is -1233 (base 8) in base 4?
-22123
Convert -11104 (base 5) to base 2.
-1100001011
1224 (base 8) to base 14
352
What is 100111011000 (base 2) in base 10?
2520
What is 135506 (base 8) in base 5?
3013232
Convert 1958 (base 11) to base 12.
152b
-7d7 (base 14) to base 13
-931
What is -7147 (base 11) in base 16?
-2511
Convert -20031 (base 5) to base 10.
-1266
-12221 (base 4) to base 8
-651
Convert 133253 (base 6) to base 3.
122000220
What is -34829 (base 11) in base 13?
-19b41
What is -335 (base 16) in base 6?
-3445
Convert a21 (base 14) to base 12.
1199
-21110 (base 3) to base 4
-3021
What is -278c (base 15) in base 14?
-3121
What is -12a (base 16) in base 11?
-251
-7879 (base 12) to base 15
-3e46
-63525 (base 7) to base 10
-15699
Convert 8dc (base 15) to base 13.
bb5
-5b1 (base 12) to base 10
-853
Convert -38 (base 13) to base 8.
-57
What is 14173 (base 8) in base 9?
8533
What is -a8d (base 14) in base 2?
-100000100101
Convert 62369 (base 10) to base 12.
30115
-542b (base 14) to base 10
-14543
35607 (base 8) to base 14
57a7
-14824 (base 14) to base 8
-143460
a1 (base 14) to base 3
12020
c1 (base 15) to base 9
221
Convert 50444 (base 6) to base 2.
1100111111100
What is 654 (base 11) in base 12?
555
What is 314 (base 5) in base 9?
103
Convert 110 (base 12) to base 13.
c0
Convert -7358 (base 13) to base 8.
-37127
265 (base 9) to base 8
335
What is -1000001000000001 (base 2) in base 6?
-414025
What is 621 (base 9) in base 5?
4010
2b1 (base 13) to base 7
1256
What is 17385 (base 12) in base 14?
c233
What is -9a8 (base 12) in base 4?
-112100
10001000101000100 (base 2) to base 13
25ac3
What is 3a5d (base 14) in base 16?
2823
What is -343134 (base 5) in base 4?
-3000012
Convert -64100 (base 7) to base 11.
-10989
1807 (base 11) to base 13
1085
Convert a4a (base 11) to base 12.
894
What is -111110 (base 6) in base 5?
-244310
Convert 1362 (base 7) to base 13.
321
1201 (base 6) to base 5
2124
-1110203 (base 5) to base 3
-222122120
What is -3806 (base 10) in base 2?
-111011011110
What is -f41d (base 16) in base 5?
-3444433
187 (base 12) to base 8
367
Convert 6593 (base 13) to base 16.
3743
What is -3060 (base 16) in base 14?
-4728
What is -29b9 (base 13) in base 10?
-6067
What is -4c2e (base 15) in base 9?
-24248
What is 141 (base 9) in base 7?
226
Convert 669a (base 12) to base 3.
120120101
c81a (base 14) to base 2
1000011011011000
-10223 (base 4) to base 6
-1215
What is 2241 (base 6) in base 5?
4104
What is 10443 (base 9) in base 3?
100111110
Convert -6172 (base 8) to base 4.
-301322
-77a4 (base 15) to base 5
-1302404
Convert -1272 (base 15) to base 13.
-1a36
Convert -5167 (base 11) to base 16.
-1ac1
619 (base 11) to base 5
10441
Convert b2 (base 12) to base 13.
a4
Convert 211 (base 12) to base 14.
177
Convert 2302 (base 6) to base 13.
329
1628 (base 11) to base 10
2087
Convert 445a (base 11) to base 10.
5873
Convert -11000122 (base 4) to base 6.
-234534
Convert -213000 (base 4) to base 9.
-3373
116510 (base 8) to base 15
bde4
443 (base 7) to base 8
343
What is -22102 (base 3) in base 13?
-146
-12021 (base 4) to base 3
-112120
What is 1000010001 (base 2) in base 6?
2241
What is 201 (base 12) in base 6?
1201
Convert 33 (base 4) to base 9.
16
Convert -1102 (base 3) to base 6.
-102
What is 1011214 (base 5) in base 10?
16434
-3a71 (base 15) to base 4
-3003001
What is 6eb (base 16) in base 9?
2377
What is 73 (base 15) in base 5?
413
-1158 (base 10) to base 11
-963
2746 (base 9) to base 13
c30
Convert -110111101 (base 2) to base 14.
-23b
322430 (base 6) to base 7
140205
Convert -1991a (base 11) to base 2.
-110110001010010
What is -27636 (base 8) in base 2?
-10111110011110
Convert -144333 (base 5) to base 11.
-4743
What is -38756 (base 10) in base 2?
-1001011101100100
6072 (base 8) to base 11
2396
1414 (base 6) to base 16
172
1028 (base 11) to base 13
809
222130 (base 6) to base 10
18630
Convert 88c (base 15) to base 9.
2576
29b (base 12) to base 15
1c2
What is 3947 (base 14) in base 9?
14716
-30002 (base 4) to base 13
-473
What is 11010212 (base 3) in base 15?
d65
Convert -1324 (base 9) to base 10.
-994
Convert -27a3 (base 14) to base 15.
-211d
Convert -24014 (base 5) to base 10.
-1759
What is 40041 (base 8) in base 12?
9601
-11101000000001 (base 2) to base 11
-1017a
What is a861 (base 11) in base 8?
34011
What is -c66 (base 15) in base 7?
-11103
What is -122433 (base 6) in base 10?
-10965
4816 (base 9) to base 6
24323
What is -64272 (base 10) in base 5?
-4024042
Convert -10224 (base 5) to base 11.
-577
3c (base 13) to base 6
123
642 (base 9) to base 5
4044
Convert -5522 (base 6) to base 3.
-1202012
Convert -211246 (base 7) to base 4.
-20322022
Convert 237 (base 16) to base 4.
20313
5161 (base 9) to base 11
2928
854 (base 13) to base 3
1221122
What is 124401 (base 5) in base 14?
1b56
2424 (base 5) to base 2
101101100
1110100000101101 (base 2) to base 14
17937
What is 134c (base 13) in base 9?
3715
What is -511224 (base 6) in base 9?
-61467
What is -24221 (base 6) in base 13?
-17c5
Convert -653 (base 7) to base 8.
-514
-40473 (base 8) to base 4
-10010323
Convert -350 (base 14) to base 6.
-3014
Convert -333101 (base 7) to base 2.
-1110010101001111
What is 3ca (base 16) in base 9?
1287
What is -613 (base 13) in base 7?
-3001
Convert -241 (base 15) to base 11.
-425
Convert 1143 (base 8) to base 12.
42b
What is 10000011 (base 2) in base 12?
ab
What is -10257 (base 12) in base 16?
-5263
Convert -9324 (base 12) to base 13.
-7399
53376 (base 8) to base 12
10a7a
What is -2a23 (base 11) in base 2?
-111100111001
Convert 11111011 (base 2) to base 5.
2001
Convert 5243 (base 6) to base 4.
102123
Convert c95 (base 14) to base 11.
1958
4b2 (base 12) to base 6
3142
1b71 (base 15) to base 3
22011121
What is 2202011 (base 4) in base 7?
42146
Convert -102622 (base 7) to base 2.
-100010110001011
Convert -10011111122 (base 3) to base 12.
-300a5
Convert 44543 (base 10) to base 3.
2021002202
-25499 (base 10) to base 13
-b7b6
What is 15165 (base 8) in base 6?
51205
-1351 (base 7) to base 16
-20e
Convert -3444342 (base 5) to base 14.
-18aa4
117 (base 9) to base 2
1100001
-897 (base 13) to base 10
-1476
What is -110011222 (base 3) in base 9?
-13158
What is 1111111000110 (base 2) in base 13?
3919
What is 71c5 (base 16) in base 9?
43851
What is -145 (base 9) in base 7?
-233
Convert -f8 (base 16) to base 3.
-100012
What is 1820 (base 9) in base 8?
2563
Convert -116 (base 8) to base 10.
-78
Convert -284 (base 9) to base 12.
-17a
2bc (base 15) to base 2
1001110011
1470 (base 16) to base 10
5232
What is 216 (base 10) in base 2?
11011000
Convert -535 (base 8) to base 13.
-20b
What is -3210 (base 5) in base 13?
-271
What is 62116 (base 8) in base 12?
12a3a
-1233 (base 8) to base 7
-1642
What is 425 (base 13) in base 4?
23003
What is 164155 (base 7) in base 12?
16aaa
What is -305516 (base 7) in base 4?
-30302222
Convert -11986 (base 10) to base 12.
-6b2a
-251 (base 11) to base 7
-604
1750 (base 15) to base 6
35133
-26a5 (base 13) to base 15
-1998
Convert 4a23 (base 13) to base 7.
42430
-2a4b (base 15) to base 16
-236f
Convert -711 (base 9) to base 8.
-1101
Convert -1110100111010 (base 2) to base 14.
-2a26
-8699 (base 10) to base 16
-21fb
What is 200202 (base 3) in base 8?
772
What is -1690 (base 13) in base 9?
-4507
What is 101001001 (base 2) in base 7?
650
-43131 (base 5) to base 3
-11000000
1144243 (base 5) to base 13
9c19
-f1 (base 16) to base 8
-361
What is -1314 (base 6) in base 10?
-334
869